{"id":13022,"date":"2025-01-28T22:21:17","date_gmt":"2025-01-28T22:21:17","guid":{"rendered":"https:\/\/datas.mg.gov.br\/site\/?page_id=13022"},"modified":"2026-03-18T17:05:25","modified_gmt":"2026-03-18T17:05:25","slug":"iptu","status":"publish","type":"page","link":"https:\/\/datas.mg.gov.br\/site\/iptu\/","title":{"rendered":"IPTU"},"content":{"rendered":"<p>&nbsp;<\/p>\n<style>\n    body {<br \/>\n      font-family: Arial, sans-serif;<br \/>\n      line-height: 1.6;<br \/>\n      margin: 0;<br \/>\n      padding: 0;<br \/>\n      background-color: #f9f9f9;<br \/>\n      color: #333;<br \/>\n    }<br \/>\n    .container {<br \/>\n      max-width: 800px;<br \/>\n      margin: 0 auto;<br \/>\n      padding: 20px;<br \/>\n    }<br \/>\n    h1 {<br \/>\n      text-align: center;<br \/>\n      margin-bottom: 30px;<br \/>\n    }<br \/>\n    .info-card {<br \/>\n      opacity: 0;<br \/>\n      transform: translateY(20px);<br \/>\n      transition: opacity 0.6s ease, transform 0.6s ease;<br \/>\n      margin-bottom: 20px;<br \/>\n      background: #fff;<br \/>\n      padding: 20px;<br \/>\n      border-radius: 8px;<br \/>\n      box-shadow: 0 4px 6px rgba(0, 0, 0, 0.1);<br \/>\n      text-align: justify;<br \/>\n    }<br \/>\n    .info-card.visible {<br \/>\n      opacity: 1;<br \/>\n      transform: translateY(0);<br \/>\n    }<br \/>\n    .info-card p {<br \/>\n      margin-bottom: 20px;<br \/>\n    }<br \/>\n    .button-container {<br \/>\n      text-align: center;<br \/>\n      margin-top: 20px;<br \/>\n    }<br \/>\n    .button {<br \/>\n      display: inline-block;<br \/>\n      background-color: #007BFF;<br \/>\n      color: #fff;<br \/>\n      padding: 10px 20px;<br \/>\n      border-radius: 5px;<br \/>\n      text-decoration: none;<br \/>\n      font-weight: bold;<br \/>\n      transition: background 0.3s ease;<br \/>\n    }<br \/>\n    .button:hover {<br \/>\n      background-color: #0056b3;<br \/>\n    }<br \/>\n  <\/style>\n<p>&nbsp;<\/p>\n<p><strong>O que \u00e9 o IPTU?<\/strong> O Imposto Predial e Territorial Urbano (IPTU) \u00e9 um tributo municipal cobrado anualmente sobre propriedades urbanas. Ele contribui para a manuten\u00e7\u00e3o e desenvolvimento dos servi\u00e7os p\u00fablicos locais.<\/p>\n<p><strong>Como pagar o IPTU?<\/strong> O pagamento do IPTU pode ser feito online ou em bancos credenciados. O contribuinte pode acessar a guia de pagamento e conferir as op\u00e7\u00f5es dispon\u00edveis.<\/p>\n<p><a href=\"https:\/\/datas.sintesetecnologia.com.br\/portalDeServicos\/publica\/emissaoIPTU.xhtml\">Acessar IPTU<\/a><\/p>\n","protected":false},"excerpt":{"rendered":"<p>&nbsp; &nbsp; O que \u00e9 o IPTU? O Imposto Predial e Territorial Urbano (IPTU) \u00e9 um tributo municipal cobrado anualmente sobre propriedades urbanas. Ele contribui para a manuten\u00e7\u00e3o e desenvolvimento dos servi\u00e7os p\u00fablicos locais. Como pagar o IPTU? O pagamento do IPTU pode ser feito online ou em bancos credenciados. O contribuinte pode acessar a [&hellip;]<\/p>\n","protected":false},"author":2,"featured_media":0,"parent":0,"menu_order":0,"comment_status":"closed","ping_status":"closed","template":"","meta":{"footnotes":""},"class_list":["post-13022","page","type-page","status-publish","hentry"],"_links":{"self":[{"href":"https:\/\/datas.mg.gov.br\/site\/wp-json\/wp\/v2\/pages\/13022","targetHints":{"allow":["GET"]}}],"collection":[{"href":"https:\/\/datas.mg.gov.br\/site\/wp-json\/wp\/v2\/pages"}],"about":[{"href":"https:\/\/datas.mg.gov.br\/site\/wp-json\/wp\/v2\/types\/page"}],"author":[{"embeddable":true,"href":"https:\/\/datas.mg.gov.br\/site\/wp-json\/wp\/v2\/users\/2"}],"replies":[{"embeddable":true,"href":"https:\/\/datas.mg.gov.br\/site\/wp-json\/wp\/v2\/comments?post=13022"}],"version-history":[{"count":7,"href":"https:\/\/datas.mg.gov.br\/site\/wp-json\/wp\/v2\/pages\/13022\/revisions"}],"predecessor-version":[{"id":14117,"href":"https:\/\/datas.mg.gov.br\/site\/wp-json\/wp\/v2\/pages\/13022\/revisions\/14117"}],"wp:attachment":[{"href":"https:\/\/datas.mg.gov.br\/site\/wp-json\/wp\/v2\/media?parent=13022"}],"curies":[{"name":"wp","href":"https:\/\/api.w.org\/{rel}","templated":true}]}}