{"id":13017,"date":"2025-01-28T22:16:38","date_gmt":"2025-01-28T22:16:38","guid":{"rendered":"https:\/\/datas.mg.gov.br\/site\/?page_id=13017"},"modified":"2025-02-06T06:03:26","modified_gmt":"2025-02-06T06:03:26","slug":"bandeira-e-brasao","status":"publish","type":"page","link":"https:\/\/datas.mg.gov.br\/site\/bandeira-e-brasao\/","title":{"rendered":"Bandeira e Bras\u00e3o"},"content":{"rendered":"\t\t<div data-elementor-type=\"wp-page\" data-elementor-id=\"13017\" class=\"elementor elementor-13017\">\n\t\t\t\t\t\t<section class=\"elementor-section elementor-top-section elementor-element elementor-element-dc2517a elementor-section-boxed elementor-section-height-default elementor-section-height-default\" data-id=\"dc2517a\" data-element_type=\"section\">\n\t\t\t\t\t\t<div class=\"elementor-container elementor-column-gap-default\">\n\t\t\t\t\t<div class=\"elementor-column elementor-col-50 elementor-top-column elementor-element elementor-element-dab37b5\" data-id=\"dab37b5\" data-element_type=\"column\">\n\t\t\t<div class=\"elementor-widget-wrap elementor-element-populated\">\n\t\t\t\t\t\t<div class=\"elementor-element elementor-element-c8d9f40 elementor-widget elementor-widget-html\" data-id=\"c8d9f40\" data-element_type=\"widget\" data-widget_type=\"html.default\">\n\t\t\t\t<div class=\"elementor-widget-container\">\n\t\t\t<!DOCTYPE html>\n<html lang=\"en\">\n<head>\n  <meta charset=\"UTF-8\">\n  <meta name=\"viewport\" content=\"width=device-width, initial-scale=1.0\">\n  <title>Bandeira e Bras\u00e3o de Datas\/MG<\/title>\n  <style>\n    body {\n      font-family: Arial, sans-serif;\n      line-height: 1.6;\n      margin: 0;\n      padding: 0;\n      background-color: #f9f9f9;\n      color: #333;\n    }\n\n    .container {\n      max-width: 800px;\n      margin: 0 auto;\n      padding: 20px;\n    }\n\n    h1 {\n      text-align: center;\n      margin-bottom: 30px;\n    }\n\n    .info-card {\n      display: flex;\n      align-items: center;\n      opacity: 0;\n      transform: translateY(20px);\n      transition: opacity 0.6s ease, transform 0.6s ease;\n      margin-bottom: 20px;\n      background: #fff;\n      padding: 20px;\n      border-radius: 8px;\n      box-shadow: 0 4px 6px rgba(0, 0, 0, 0.1);\n      text-align: justify;\n    }\n\n    .info-card.visible {\n      opacity: 1;\n      transform: translateY(0);\n    }\n\n    .info-text {\n      flex: 1;\n    }\n\n    .info-card img {\n      width: 200px;\n      height: auto;\n      border-radius: 8px;\n      margin-left: 20px;\n    }\n  <\/style>\n<\/head>\n<body>\n  <div class=\"container\">\n\n    <div class=\"info-card\">\n      <div class=\"info-text\">\n        <p><strong>Bandeira Municipal:<\/strong> A bandeira de Datas\/MG simboliza a identidade e os valores do munic\u00edpio. Suas cores representam as riquezas naturais, o patrim\u00f4nio hist\u00f3rico e a cultura da cidade. Os elementos presentes na bandeira refletem a tradi\u00e7\u00e3o e o compromisso com o desenvolvimento.<\/p>\n      <\/div>\n    <\/div>\n\n    <div class=\"info-card\">\n      <div class=\"info-text\">\n        <p><strong>Bras\u00e3o Municipal:<\/strong> O bras\u00e3o de Datas\/MG \u00e9 um dos principais s\u00edmbolos da cidade, representando sua hist\u00f3ria e conquistas. Seus detalhes incluem refer\u00eancias ao passado colonial, \u00e0 economia local e \u00e0 tradi\u00e7\u00e3o mineira. \u00c9 utilizado em documentos oficiais, eventos solenes e na comunica\u00e7\u00e3o institucional.<\/p>\n      <\/div>\n    <\/div>\n  <\/div>\n\n  <script>\n    document.addEventListener('DOMContentLoaded', () => {\n      const infoCards = document.querySelectorAll('.info-card');\n\n      const observer = new IntersectionObserver(entries => {\n        entries.forEach(entry => {\n          if (entry.isIntersecting) {\n            entry.target.classList.add('visible');\n          }\n        });\n      }, { threshold: 0.1 });\n\n      infoCards.forEach(card => observer.observe(card));\n    });\n  <\/script>\n<\/body>\n<\/html>\n\t\t<\/div>\n\t\t\t\t<\/div>\n\t\t\t\t\t<\/div>\n\t\t<\/div>\n\t\t\t\t<div class=\"elementor-column elementor-col-50 elementor-top-column elementor-element elementor-element-e2e1764\" data-id=\"e2e1764\" data-element_type=\"column\">\n\t\t\t<div class=\"elementor-widget-wrap elementor-element-populated\">\n\t\t\t\t\t\t<div class=\"elementor-element elementor-element-9027821 elementor-absolute elementor-widget elementor-widget-image\" data-id=\"9027821\" data-element_type=\"widget\" data-settings=\"{&quot;_position&quot;:&quot;absolute&quot;}\" data-widget_type=\"image.default\">\n\t\t\t\t<div class=\"elementor-widget-container\">\n\t\t\t<style>\/*! elementor - v3.20.0 - 26-03-2024 *\/\n.elementor-widget-image{text-align:center}.elementor-widget-image a{display:inline-block}.elementor-widget-image a img[src$=\".svg\"]{width:48px}.elementor-widget-image img{vertical-align:middle;display:inline-block}<\/style>\t\t\t\t\t\t\t\t\t\t<img fetchpriority=\"high\" decoding=\"async\" width=\"230\" height=\"219\" src=\"https:\/\/datas.mg.gov.br\/site\/wp-content\/uploads\/2025\/02\/images-20x19.jpeg\" class=\"attachment-large size-large wp-image-13198 jl-lazyload lazyload\" alt=\"\" data-src=\"https:\/\/datas.mg.gov.br\/site\/wp-content\/uploads\/2025\/02\/images.jpeg\" srcset=\"https:\/\/datas.mg.gov.br\/site\/wp-content\/uploads\/2025\/02\/images-20x19.jpeg 20w, https:\/\/datas.mg.gov.br\/site\/wp-content\/uploads\/2025\/02\/images.jpeg 230w\" sizes=\"(max-width: 230px) 100vw, 230px\" \/>\t\t\t\t\t\t\t\t\t\t\t\t\t<\/div>\n\t\t\t\t<\/div>\n\t\t\t\t\t<\/div>\n\t\t<\/div>\n\t\t\t\t\t<\/div>\n\t\t<\/section>\n\t\t\t\t<\/div>\n\t\t","protected":false},"excerpt":{"rendered":"<p>Bandeira e Bras\u00e3o de Datas\/MG Bandeira Municipal: A bandeira de Datas\/MG simboliza a identidade e os valores do munic\u00edpio. Suas cores representam as riquezas naturais, o patrim\u00f4nio hist\u00f3rico e a cultura da cidade. Os elementos presentes na bandeira refletem a tradi\u00e7\u00e3o e o compromisso com o desenvolvimento. Bras\u00e3o Municipal: O bras\u00e3o de Datas\/MG \u00e9 um [&hellip;]<\/p>\n","protected":false},"author":2,"featured_media":0,"parent":0,"menu_order":0,"comment_status":"closed","ping_status":"closed","template":"","meta":{"footnotes":""},"class_list":["post-13017","page","type-page","status-publish","hentry"],"_links":{"self":[{"href":"https:\/\/datas.mg.gov.br\/site\/wp-json\/wp\/v2\/pages\/13017","targetHints":{"allow":["GET"]}}],"collection":[{"href":"https:\/\/datas.mg.gov.br\/site\/wp-json\/wp\/v2\/pages"}],"about":[{"href":"https:\/\/datas.mg.gov.br\/site\/wp-json\/wp\/v2\/types\/page"}],"author":[{"embeddable":true,"href":"https:\/\/datas.mg.gov.br\/site\/wp-json\/wp\/v2\/users\/2"}],"replies":[{"embeddable":true,"href":"https:\/\/datas.mg.gov.br\/site\/wp-json\/wp\/v2\/comments?post=13017"}],"version-history":[{"count":18,"href":"https:\/\/datas.mg.gov.br\/site\/wp-json\/wp\/v2\/pages\/13017\/revisions"}],"predecessor-version":[{"id":13267,"href":"https:\/\/datas.mg.gov.br\/site\/wp-json\/wp\/v2\/pages\/13017\/revisions\/13267"}],"wp:attachment":[{"href":"https:\/\/datas.mg.gov.br\/site\/wp-json\/wp\/v2\/media?parent=13017"}],"curies":[{"name":"wp","href":"https:\/\/api.w.org\/{rel}","templated":true}]}}