{"id":13006,"date":"2025-01-28T22:12:22","date_gmt":"2025-01-28T22:12:22","guid":{"rendered":"https:\/\/datas.mg.gov.br\/site\/?page_id=13006"},"modified":"2025-02-06T06:05:00","modified_gmt":"2025-02-06T06:05:00","slug":"historia-de-datas","status":"publish","type":"page","link":"https:\/\/datas.mg.gov.br\/site\/historia-de-datas\/","title":{"rendered":"Hist\u00f3ria de Datas"},"content":{"rendered":"\t\t<div data-elementor-type=\"wp-page\" data-elementor-id=\"13006\" class=\"elementor elementor-13006\">\n\t\t\t\t\t\t<section class=\"elementor-section elementor-top-section elementor-element elementor-element-5c6fc87 elementor-section-boxed elementor-section-height-default elementor-section-height-default\" data-id=\"5c6fc87\" data-element_type=\"section\">\n\t\t\t\t\t\t<div class=\"elementor-container elementor-column-gap-default\">\n\t\t\t\t\t<div class=\"elementor-column elementor-col-66 elementor-top-column elementor-element elementor-element-cca355f\" data-id=\"cca355f\" data-element_type=\"column\">\n\t\t\t<div class=\"elementor-widget-wrap elementor-element-populated\">\n\t\t\t\t\t\t<div class=\"elementor-element elementor-element-ca80822 elementor-widget elementor-widget-html\" data-id=\"ca80822\" data-element_type=\"widget\" data-widget_type=\"html.default\">\n\t\t\t\t<div class=\"elementor-widget-container\">\n\t\t\t<!DOCTYPE html>\n<html lang=\"en\">\n<head>\n  <meta charset=\"UTF-8\">\n  <meta name=\"viewport\" content=\"width=device-width, initial-scale=1.0\">\n  <title>Hist\u00f3ria de Datas\/MG<\/title>\n  <style>\n    body {\n      font-family: Arial, sans-serif;\n      line-height: 1.6;\n      margin: 0;\n      padding: 0;\n      background-color: #f9f9f9;\n      color: #333;\n    }\n\n    .container {\n      max-width: 800px;\n      margin: 0 auto;\n      padding: 20px;\n    }\n\n    h1 {\n      text-align: center;\n      margin-bottom: 30px;\n    }\n\n    .info-card {\n      display: flex;\n      align-items: center;\n      opacity: 0;\n      transform: translateY(20px);\n      transition: opacity 0.6s ease, transform 0.6s ease;\n      margin-bottom: 20px;\n      background: #fff;\n      padding: 20px;\n      border-radius: 8px;\n      box-shadow: 0 4px 6px rgba(0, 0, 0, 0.1);\n      text-align: justify;\n    }\n\n    .info-card.visible {\n      opacity: 1;\n      transform: translateY(0);\n    }\n\n    .info-text {\n      flex: 1;\n    }\n\n    .info-card img {\n      width: 200px;\n      height: auto;\n      border-radius: 8px;\n      margin-left: 20px;\n    }\n  <\/style>\n<\/head>\n<body>\n  <div class=\"container\">\n\n    <div class=\"info-card\">\n      <div class=\"info-text\">\n        <p><strong>Origens:<\/strong> O munic\u00edpio de Datas\/MG tem suas ra\u00edzes na \u00e9poca do ciclo do ouro, quando a regi\u00e3o come\u00e7ou a ser explorada por bandeirantes em busca de riquezas minerais. Com o tempo, a comunidade se estabeleceu, tornando-se um importante ponto de refer\u00eancia no interior de Minas Gerais.<\/p>\n      <\/div>\n    <\/div>\n\n    <div class=\"info-card\">\n      <div class=\"info-text\">\n        <p><strong>Funda\u00e7\u00e3o:<\/strong> O munic\u00edpio foi oficialmente emancipado em 30 de dezembro de 1962, consolidando sua identidade e autonomia administrativa dentro do estado.<\/p>\n      <\/div>\n    <\/div>\n\n    <div class=\"info-card\">\n      <div class=\"info-text\">\n        <p><strong>Desenvolvimento:<\/strong> Com o passar dos anos, Datas cresceu economicamente por meio da agropecu\u00e1ria e do com\u00e9rcio local. A cultura e a tradi\u00e7\u00e3o mineira se mantiveram vivas na cidade, influenciando festividades e a vida cotidiana da popula\u00e7\u00e3o.<\/p>\n      <\/div>\n    <\/div>\n\n    <div class=\"info-card\">\n      <div class=\"info-text\">\n        <p><strong>Patrim\u00f4nio e Cultura:<\/strong> A cidade preserva igrejas e casar\u00f5es hist\u00f3ricos, s\u00edmbolos da arquitetura colonial que marcam a identidade do munic\u00edpio. Al\u00e9m disso, Datas \u00e9 conhecida por suas festas populares e manifesta\u00e7\u00f5es culturais que resgatam as tradi\u00e7\u00f5es do povo mineiro.<\/p>\n      <\/div>\n    <\/div>\n\n    <div class=\"info-card\">\n      <div class=\"info-text\">\n        <p><strong>Atualidade:<\/strong> Hoje, Datas\/MG busca equilibrar a preserva\u00e7\u00e3o de seu patrim\u00f4nio hist\u00f3rico com o desenvolvimento sustent\u00e1vel, oferecendo qualidade de vida para seus moradores e atraindo visitantes interessados em sua rica hist\u00f3ria e cultura.<\/p>\n      <\/div>\n    <\/div>\n  <\/div>\n\n  <script>\n    document.addEventListener('DOMContentLoaded', () => {\n      const infoCards = document.querySelectorAll('.info-card');\n\n      const observer = new IntersectionObserver(entries => {\n        entries.forEach(entry => {\n          if (entry.isIntersecting) {\n            entry.target.classList.add('visible');\n          }\n        });\n      }, { threshold: 0.1 });\n\n      infoCards.forEach(card => observer.observe(card));\n    });\n  <\/script>\n<\/body>\n<\/html>\n\t\t<\/div>\n\t\t\t\t<\/div>\n\t\t\t\t\t<\/div>\n\t\t<\/div>\n\t\t\t\t<div class=\"elementor-column elementor-col-33 elementor-top-column elementor-element elementor-element-4664383\" data-id=\"4664383\" data-element_type=\"column\">\n\t\t\t<div class=\"elementor-widget-wrap elementor-element-populated\">\n\t\t\t\t\t\t<div class=\"elementor-element elementor-element-cbdb555 elementor-pagination-position-inside elementor-widget__width-inherit elementor-absolute elementor-arrows-position-inside elementor-widget elementor-widget-image-carousel\" data-id=\"cbdb555\" data-element_type=\"widget\" data-settings=\"{&quot;slides_to_show&quot;:&quot;1&quot;,&quot;_position&quot;:&quot;absolute&quot;,&quot;navigation&quot;:&quot;both&quot;,&quot;autoplay&quot;:&quot;yes&quot;,&quot;pause_on_hover&quot;:&quot;yes&quot;,&quot;pause_on_interaction&quot;:&quot;yes&quot;,&quot;autoplay_speed&quot;:5000,&quot;infinite&quot;:&quot;yes&quot;,&quot;effect&quot;:&quot;slide&quot;,&quot;speed&quot;:500}\" data-widget_type=\"image-carousel.default\">\n\t\t\t\t<div class=\"elementor-widget-container\">\n\t\t\t<style>\/*! elementor - v3.20.0 - 26-03-2024 *\/\n.elementor-widget-image-carousel .swiper,.elementor-widget-image-carousel .swiper-container{position:static}.elementor-widget-image-carousel .swiper-container .swiper-slide figure,.elementor-widget-image-carousel .swiper .swiper-slide figure{line-height:inherit}.elementor-widget-image-carousel .swiper-slide{text-align:center}.elementor-image-carousel-wrapper:not(.swiper-container-initialized):not(.swiper-initialized) .swiper-slide{max-width:calc(100% \/ var(--e-image-carousel-slides-to-show, 3))}<\/style>\t\t<div class=\"elementor-image-carousel-wrapper swiper\" dir=\"ltr\">\n\t\t\t<div class=\"elementor-image-carousel swiper-wrapper swiper-image-stretch\" aria-live=\"off\">\n\t\t\t\t\t\t\t\t<div class=\"swiper-slide\" role=\"group\" aria-roledescription=\"slide\" aria-label=\"1 de 9\"><figure class=\"swiper-slide-inner\"><img decoding=\"async\" class=\"swiper-slide-image lazyload\" src=\"data:image\/gif;base64,R0lGODlhAQABAAAAACH5BAEKAAEALAAAAAABAAEAAAICTAEAOw==\" data-src=\"https:\/\/datas.mg.gov.br\/site\/wp-content\/uploads\/2025\/02\/1.jpg\" alt=\"SONY DSC\" \/><\/figure><\/div><div class=\"swiper-slide\" role=\"group\" aria-roledescription=\"slide\" aria-label=\"2 de 9\"><figure class=\"swiper-slide-inner\"><img decoding=\"async\" class=\"swiper-slide-image lazyload\" src=\"data:image\/gif;base64,R0lGODlhAQABAAAAACH5BAEKAAEALAAAAAABAAEAAAICTAEAOw==\" data-src=\"https:\/\/datas.mg.gov.br\/site\/wp-content\/uploads\/2025\/02\/2.jpeg\" alt=\"2\" \/><\/figure><\/div><div class=\"swiper-slide\" role=\"group\" aria-roledescription=\"slide\" aria-label=\"3 de 9\"><figure class=\"swiper-slide-inner\"><img decoding=\"async\" class=\"swiper-slide-image lazyload\" src=\"data:image\/gif;base64,R0lGODlhAQABAAAAACH5BAEKAAEALAAAAAABAAEAAAICTAEAOw==\" data-src=\"https:\/\/datas.mg.gov.br\/site\/wp-content\/uploads\/2025\/02\/3.jpg\" alt=\"SONY DSC\" \/><\/figure><\/div><div class=\"swiper-slide\" role=\"group\" aria-roledescription=\"slide\" aria-label=\"4 de 9\"><figure class=\"swiper-slide-inner\"><img decoding=\"async\" class=\"swiper-slide-image lazyload\" src=\"data:image\/gif;base64,R0lGODlhAQABAAAAACH5BAEKAAEALAAAAAABAAEAAAICTAEAOw==\" data-src=\"https:\/\/datas.mg.gov.br\/site\/wp-content\/uploads\/2025\/02\/4.jpg\" alt=\"4\" \/><\/figure><\/div><div class=\"swiper-slide\" role=\"group\" aria-roledescription=\"slide\" aria-label=\"5 de 9\"><figure class=\"swiper-slide-inner\"><img decoding=\"async\" class=\"swiper-slide-image lazyload\" src=\"data:image\/gif;base64,R0lGODlhAQABAAAAACH5BAEKAAEALAAAAAABAAEAAAICTAEAOw==\" data-src=\"https:\/\/datas.mg.gov.br\/site\/wp-content\/uploads\/2025\/02\/5.jpg\" alt=\"5\" \/><\/figure><\/div><div class=\"swiper-slide\" role=\"group\" aria-roledescription=\"slide\" aria-label=\"6 de 9\"><figure class=\"swiper-slide-inner\"><img decoding=\"async\" class=\"swiper-slide-image lazyload\" src=\"data:image\/gif;base64,R0lGODlhAQABAAAAACH5BAEKAAEALAAAAAABAAEAAAICTAEAOw==\" data-src=\"https:\/\/datas.mg.gov.br\/site\/wp-content\/uploads\/2025\/02\/7.jpeg\" alt=\"7\" \/><\/figure><\/div><div class=\"swiper-slide\" role=\"group\" aria-roledescription=\"slide\" aria-label=\"7 de 9\"><figure class=\"swiper-slide-inner\"><img decoding=\"async\" class=\"swiper-slide-image lazyload\" src=\"data:image\/gif;base64,R0lGODlhAQABAAAAACH5BAEKAAEALAAAAAABAAEAAAICTAEAOw==\" data-src=\"https:\/\/datas.mg.gov.br\/site\/wp-content\/uploads\/2025\/02\/10.jpeg\" alt=\"10\" \/><\/figure><\/div><div class=\"swiper-slide\" role=\"group\" aria-roledescription=\"slide\" aria-label=\"8 de 9\"><figure class=\"swiper-slide-inner\"><img decoding=\"async\" class=\"swiper-slide-image lazyload\" src=\"data:image\/gif;base64,R0lGODlhAQABAAAAACH5BAEKAAEALAAAAAABAAEAAAICTAEAOw==\" data-src=\"https:\/\/datas.mg.gov.br\/site\/wp-content\/uploads\/2025\/02\/9.jpeg\" alt=\"9\" \/><\/figure><\/div><div class=\"swiper-slide\" role=\"group\" aria-roledescription=\"slide\" aria-label=\"9 de 9\"><figure class=\"swiper-slide-inner\"><img decoding=\"async\" class=\"swiper-slide-image lazyload\" src=\"data:image\/gif;base64,R0lGODlhAQABAAAAACH5BAEKAAEALAAAAAABAAEAAAICTAEAOw==\" data-src=\"https:\/\/datas.mg.gov.br\/site\/wp-content\/uploads\/2025\/02\/6.jpeg\" alt=\"6\" \/><\/figure><\/div>\t\t\t<\/div>\n\t\t\t\t\t\t\t\t\t\t\t\t<div class=\"elementor-swiper-button elementor-swiper-button-prev\" role=\"button\" tabindex=\"0\">\n\t\t\t\t\t\t<i aria-hidden=\"true\" class=\"eicon-chevron-left\"><\/i>\t\t\t\t\t<\/div>\n\t\t\t\t\t<div class=\"elementor-swiper-button elementor-swiper-button-next\" role=\"button\" tabindex=\"0\">\n\t\t\t\t\t\t<i aria-hidden=\"true\" class=\"eicon-chevron-right\"><\/i>\t\t\t\t\t<\/div>\n\t\t\t\t\n\t\t\t\t\t\t\t\t\t<div class=\"swiper-pagination\"><\/div>\n\t\t\t\t\t\t\t\t\t<\/div>\n\t\t\t\t<\/div>\n\t\t\t\t<\/div>\n\t\t\t\t\t<\/div>\n\t\t<\/div>\n\t\t\t\t\t<\/div>\n\t\t<\/section>\n\t\t\t\t<\/div>\n\t\t","protected":false},"excerpt":{"rendered":"<p>Hist\u00f3ria de Datas\/MG Origens: O munic\u00edpio de Datas\/MG tem suas ra\u00edzes na \u00e9poca do ciclo do ouro, quando a regi\u00e3o come\u00e7ou a ser explorada por bandeirantes em busca de riquezas minerais. Com o tempo, a comunidade se estabeleceu, tornando-se um importante ponto de refer\u00eancia no interior de Minas Gerais. Funda\u00e7\u00e3o: O munic\u00edpio foi oficialmente emancipado [&hellip;]<\/p>\n","protected":false},"author":2,"featured_media":0,"parent":0,"menu_order":0,"comment_status":"closed","ping_status":"closed","template":"","meta":{"footnotes":""},"class_list":["post-13006","page","type-page","status-publish","hentry"],"_links":{"self":[{"href":"https:\/\/datas.mg.gov.br\/site\/wp-json\/wp\/v2\/pages\/13006","targetHints":{"allow":["GET"]}}],"collection":[{"href":"https:\/\/datas.mg.gov.br\/site\/wp-json\/wp\/v2\/pages"}],"about":[{"href":"https:\/\/datas.mg.gov.br\/site\/wp-json\/wp\/v2\/types\/page"}],"author":[{"embeddable":true,"href":"https:\/\/datas.mg.gov.br\/site\/wp-json\/wp\/v2\/users\/2"}],"replies":[{"embeddable":true,"href":"https:\/\/datas.mg.gov.br\/site\/wp-json\/wp\/v2\/comments?post=13006"}],"version-history":[{"count":21,"href":"https:\/\/datas.mg.gov.br\/site\/wp-json\/wp\/v2\/pages\/13006\/revisions"}],"predecessor-version":[{"id":13270,"href":"https:\/\/datas.mg.gov.br\/site\/wp-json\/wp\/v2\/pages\/13006\/revisions\/13270"}],"wp:attachment":[{"href":"https:\/\/datas.mg.gov.br\/site\/wp-json\/wp\/v2\/media?parent=13006"}],"curies":[{"name":"wp","href":"https:\/\/api.w.org\/{rel}","templated":true}]}}