{"id":12947,"date":"2025-01-28T21:12:55","date_gmt":"2025-01-28T21:12:55","guid":{"rendered":"https:\/\/datas.mg.gov.br\/site\/?page_id=12947"},"modified":"2025-02-14T17:24:29","modified_gmt":"2025-02-14T17:24:29","slug":"secretaria-de-obras","status":"publish","type":"page","link":"https:\/\/datas.mg.gov.br\/site\/secretaria-de-obras\/","title":{"rendered":"Secretaria de Obras"},"content":{"rendered":"\t\t<div data-elementor-type=\"wp-page\" data-elementor-id=\"12947\" class=\"elementor elementor-12947\">\n\t\t\t\t\t\t<section class=\"elementor-section elementor-top-section elementor-element elementor-element-b9d58f2 elementor-section-boxed elementor-section-height-default elementor-section-height-default\" data-id=\"b9d58f2\" data-element_type=\"section\">\n\t\t\t\t\t\t<div class=\"elementor-container elementor-column-gap-default\">\n\t\t\t\t\t<div class=\"elementor-column elementor-col-100 elementor-top-column elementor-element elementor-element-969adc0\" data-id=\"969adc0\" data-element_type=\"column\">\n\t\t\t<div class=\"elementor-widget-wrap elementor-element-populated\">\n\t\t\t\t\t\t<div class=\"elementor-element elementor-element-4f66e77 elementor-widget elementor-widget-html\" data-id=\"4f66e77\" data-element_type=\"widget\" data-widget_type=\"html.default\">\n\t\t\t\t<div class=\"elementor-widget-container\">\n\t\t\t<!DOCTYPE html>\n<html lang=\"en\">\n<head>\n  <meta charset=\"UTF-8\">\n  <meta name=\"viewport\" content=\"width=device-width, initial-scale=1.0\">\n  <title>Secretaria de Obras<\/title>\n  <style>\n    body {\n      font-family: Arial, sans-serif;\n      line-height: 1.6;\n      margin: 0;\n      padding: 0;\n      background-color: #f9f9f9;\n      color: #333;\n    }\n\n    .container {\n      max-width: 800px;\n      margin: 0 auto;\n      padding: 20px;\n    }\n\n    h1 {\n      text-align: center;\n      margin-bottom: 30px;\n    }\n\n    .info-card {\n      opacity: 0;\n      transform: translateY(20px);\n      transition: opacity 0.6s ease, transform 0.6s ease;\n      margin-bottom: 20px;\n      background: #fff;\n      padding: 15px;\n      border-radius: 8px;\n      box-shadow: 0 4px 6px rgba(0, 0, 0, 0.1);\n    }\n\n    .info-card.visible {\n      opacity: 1;\n      transform: translateY(0);\n    }\n\n    .topic {\n      opacity: 0;\n      transform: translateY(20px);\n      transition: opacity 0.6s ease, transform 0.6s ease;\n      margin-bottom: 20px;\n      background: #fff;\n      padding: 15px;\n      border-radius: 8px;\n      box-shadow: 0 4px 6px rgba(0, 0, 0, 0.1);\n    }\n\n    .topic.visible {\n      opacity: 1;\n      transform: translateY(0);\n    }\n  <\/style>\n<\/head>\n<body>\n  <div class=\"container\">\n    <div class=\"info-card\">\n      <p><strong>Nome:<\/strong> GERALDO MAGELA DA SILVA<\/p>\n      <p><strong>Cargo:<\/strong> Secret\u00e1rio Municipal de Obras<\/p>\n      <p><strong>Email:<\/strong> obras@datas.mg.gov.br<\/p>\n      <p><strong>Telefone:<\/strong> 99832-4517<\/p>\n      <p><strong>Endere\u00e7o:<\/strong> Avenida Jos\u00e9 de Magalh\u00e3es Pinto, 1001<\/p>\n      <p><strong>CEP:<\/strong> 39-130-000 \u2013 DATAS \u2013 MG<\/p>\n      <p><strong>Telefones:<\/strong> (38) 3415-0370 <\/p>\n    <\/div>\n    <div class=\"topic\">Planejar e executar obras de infraestrutura urbana e rural, promovendo o desenvolvimento do munic\u00edpio.<\/div>\n    <div class=\"topic\">Realizar a manuten\u00e7\u00e3o e conserva\u00e7\u00e3o de vias p\u00fablicas, incluindo pavimenta\u00e7\u00e3o e reparos necess\u00e1rios.<\/div>\n    <div class=\"topic\">Fiscalizar e monitorar o andamento de obras p\u00fablicas, garantindo a qualidade e o cumprimento de prazos.<\/div>\n    <div class=\"topic\">Elaborar projetos arquitet\u00f4nicos e de engenharia para atender \u00e0s necessidades da popula\u00e7\u00e3o.<\/div>\n    <div class=\"topic\">Promover a expans\u00e3o e melhoria das redes de abastecimento de \u00e1gua, esgoto e drenagem pluvial.<\/div>\n    <div class=\"topic\">Garantir a acessibilidade em obras p\u00fablicas, promovendo a inclus\u00e3o de pessoas com defici\u00eancia.<\/div>\n    <div class=\"topic\">Realizar a manuten\u00e7\u00e3o e amplia\u00e7\u00e3o de pr\u00e9dios e equipamentos p\u00fablicos, como escolas e unidades de sa\u00fade.<\/div>\n    <div class=\"topic\">Implementar programas de habita\u00e7\u00e3o popular, buscando reduzir o d\u00e9ficit habitacional no munic\u00edpio.<\/div>\n    <div class=\"topic\">Desenvolver parcerias com \u00f3rg\u00e3os estaduais e federais para viabilizar grandes projetos de infraestrutura.<\/div>\n    <div class=\"topic\">Garantir a transpar\u00eancia e a efici\u00eancia na aplica\u00e7\u00e3o dos recursos destinados a obras p\u00fablicas.<\/div>\n  <\/div>\n\n  <script>\n    document.addEventListener('DOMContentLoaded', () => {\n      const infoCard = document.querySelector('.info-card');\n      const topics = document.querySelectorAll('.topic');\n\n      const observer = new IntersectionObserver(entries => {\n        entries.forEach(entry => {\n          if (entry.isIntersecting) {\n            entry.target.classList.add('visible');\n          }\n        });\n      }, { threshold: 0.1 });\n\n      observer.observe(infoCard);\n      topics.forEach(topic => observer.observe(topic));\n    });\n  <\/script>\n<\/body>\n<\/html>\n\t\t<\/div>\n\t\t\t\t<\/div>\n\t\t\t\t\t<\/div>\n\t\t<\/div>\n\t\t\t\t\t<\/div>\n\t\t<\/section>\n\t\t\t\t<\/div>\n\t\t","protected":false},"excerpt":{"rendered":"<p>Secretaria de Obras Nome: GERALDO MAGELA DA SILVA Cargo: Secret\u00e1rio Municipal de Obras Email: obras@datas.mg.gov.br Telefone: 99832-4517 Endere\u00e7o: Avenida Jos\u00e9 de Magalh\u00e3es Pinto, 1001 CEP: 39-130-000 \u2013 DATAS \u2013 MG Telefones: (38) 3415-0370 Planejar e executar obras de infraestrutura urbana e rural, promovendo o desenvolvimento do munic\u00edpio. Realizar a manuten\u00e7\u00e3o e conserva\u00e7\u00e3o de vias p\u00fablicas, [&hellip;]<\/p>\n","protected":false},"author":2,"featured_media":0,"parent":0,"menu_order":0,"comment_status":"closed","ping_status":"closed","template":"","meta":{"footnotes":""},"class_list":["post-12947","page","type-page","status-publish","hentry"],"_links":{"self":[{"href":"https:\/\/datas.mg.gov.br\/site\/wp-json\/wp\/v2\/pages\/12947","targetHints":{"allow":["GET"]}}],"collection":[{"href":"https:\/\/datas.mg.gov.br\/site\/wp-json\/wp\/v2\/pages"}],"about":[{"href":"https:\/\/datas.mg.gov.br\/site\/wp-json\/wp\/v2\/types\/page"}],"author":[{"embeddable":true,"href":"https:\/\/datas.mg.gov.br\/site\/wp-json\/wp\/v2\/users\/2"}],"replies":[{"embeddable":true,"href":"https:\/\/datas.mg.gov.br\/site\/wp-json\/wp\/v2\/comments?post=12947"}],"version-history":[{"count":15,"href":"https:\/\/datas.mg.gov.br\/site\/wp-json\/wp\/v2\/pages\/12947\/revisions"}],"predecessor-version":[{"id":13475,"href":"https:\/\/datas.mg.gov.br\/site\/wp-json\/wp\/v2\/pages\/12947\/revisions\/13475"}],"wp:attachment":[{"href":"https:\/\/datas.mg.gov.br\/site\/wp-json\/wp\/v2\/media?parent=12947"}],"curies":[{"name":"wp","href":"https:\/\/api.w.org\/{rel}","templated":true}]}}